 - 280 = 7*k. Let w be 5 + 0 + -3 + 11. Let u(a) = 7*a - 66. Let x be u(w). Calculate the highest common divisor of x and k.
25
Let c = -283 - -283. Suppose -4*x + 1797 - 197 = c. What is the highest common factor of 40 and x?
40
Let n = -16 - -33. Suppose 0 = 4*h - s - 195, 5*h - 4*s - 111 = 108. Calculate the greatest common divisor of n and h.
17
Suppose 383*s - 624 = 380*s. What is the greatest common divisor of 40 and s?
8
Let r be ((-7)/2)/(1/(-10)). Let p = -10145 - 502. Let o be (-1)/5 - p/r. What is the highest common divisor of o and 38?
38
Suppose 0 = -j - 168*h + 165*h + 1254, j = 3*h + 1248. Calculate the greatest common factor of j and 36.
9
Suppose 16913 = 1320*k - 1289*k - 5035. Calculate the greatest common factor of k and 18.
6
Let v = 75 - 132. Let q = v + 56. Let l be ((-18)/45)/(q/150). What is the highest common factor of 24 and l?
12
Suppose -11*g - 577 + 1908 = 0. Suppose -5*r = -8 - 2, -2*d - 4*r + 30 = 0. What is the greatest common factor of d and g?
11
Let p be ((-1)/(-2))/(-5*27/(-143910)). What is the highest common factor of p and 143?
13
Let z be -120*(-3 + 14/4). Let h be ((-14)/4)/(z/2040). What is the highest common divisor of 34 and h?
17
Let i = -2 + 4. Suppose -i*n + 14 = -62. Suppose 45*c - 70*c = -2375. What is the highest common divisor of c and n?
19
Let g = 16220 - 16214. Calculate the highest common divisor of g and 2517.
3
Suppose -4*q = -0*q - 5*u + 5, -q - u - 8 = 0. Let s be ((-55)/(-10) + q)*94. What is the highest common divisor of 376 and s?
47
Let j be (-51894)/(-135) + 35 + 2*(-14)/20. What is the greatest common factor of j and 57?
19
Let v be (153/(-20)*(-528)/66)/((-1)/(-15)). Calculate the highest common factor of v and 36.
18
Let v = 682 - -321. Let t = 1673 - v. Calculate the highest common divisor of 10 and t.
10
Suppose -28 = -6*c - 10. Suppose 0 = 4*n + c*a - 159, -2*a - 3 = -13. Calculate the greatest common divisor of 36 and n.
36
Suppose -11*k + 40554 = 2*u, -2*k - 919 = -5*u - 8271. What is the highest common divisor of 38 and k?
38
Suppose -j - 700 + 140 = -15*j. Let n = 37 + -21. What is the highest common factor of j and n?
8
Let o be 98 + 323/57*-3. What is the greatest common divisor of o and 135?
27
Suppose 111 = h - 23*l + 21*l, 2*h = -4*l + 246. What is the greatest common factor of 27 and h?
9
Let g(n) = -n**3 + 9*n**2 - 5*n - 4. Let u be g(6). Let h(k) = 202*k**2 - 942*k + 30. Let w be h(5). Calculate the greatest common divisor of w and u.
74
Let p(m) = -25*m. Let j be p(1). Let t = 27 + j. Suppose f = t*a + 3*a - 64, -a - f = -8. Calculate the greatest common divisor of a and 36.
12
Let d = 258 - 55. Suppose -5*j + 165 = -2*r, -1318*j + 1322*j - 37*r = 486. Calculate the greatest common divisor of j and d.
29
Let c(z) = -4*z + 22. Let n be c(-13). Let i = n - 67. Calculate the highest common divisor of 413 and i.
7
Suppose -10 = -5*j, 2*w - 2*j - 129 = 55. Calculate the greatest common factor of 3807 and w.
47
Suppose 19 = 3*w + 4*m + 18, -w + 2*m = -7. Let b be (w - (-325 - -6))*1. Calculate the highest common divisor of b and 46.
46
Suppose 12*b = 14*b - 12. Suppose -t - 7 = b. Let j be -1*2 - t/((-65)/(-820)). What is the highest common divisor of j and 18?
18
Let g be (17 - (-6 + 5))/((81/96)/9). Calculate the highest common factor of g and 188.
4
Suppose 120*m = -36*m - 34*m + 239590. Calculate the greatest common divisor of m and 143.
13
Let u(x) = 55*x. Let h = 43 + -41. Let d be u(h). Let i = d + -106. Calculate the greatest common factor of 44 and i.
4
Suppose 18*i - 3*s = 13*i + 10, 2*i = 5*s + 4. Calculate the greatest common factor of i and 617.
1
Let l = -4803 + 4809. Let x be ((-33)/(-5))/(1/5). Let v be (-796)/(-22) + (-6)/x. What is the greatest common divisor of v and l?
6
Let l(f) = 9*f + 117. Suppose k - 4*u + 28 = 0, -2*k - 8 = -7*u + 11*u. Let a be l(k). Calculate the greatest common factor of 18 and a.
9
Let w(f) = -24*f**3 + f**2 - 3*f - 2. Let i = -26 - -24. Let p be w(i). What is the greatest common factor of 8 and p?
8
Let i be (-8*(-4)/16)/1. Suppose 0 = -3*d - 2*d - 3*p + 1008, 412 = i*d - p. Calculate the highest common divisor of 51 and d.
51
Let v = -4231 - -4981. Calculate the greatest common divisor of v and 90.
30
Let l be -2*(4/(-24))/1*63. Let v = l + 25. Let j = 883 + -561. What is the highest common factor of j and v?
46
Let n(j) = -6*j + 7. Let w be n(-6). Let z = 602 - 516. What is the greatest common factor of w and z?
43
Let w(z) = z + 41. Let p be w(-23). Let d be 288/(-80)*65/(-2). What is the highest common divisor of p and d?
9
Suppose -192 = 9*v - 21*v + 10*v. Calculate the highest common factor of v and 688.
16
Let v be 8330/(-147)*1/5*-21. Calculate the highest common factor of 413 and v.
7
Let x(j) = 137*j + 2078. Let q be x(-14). Calculate the greatest common factor of 180 and q.
20
Let u(f) = -5*f - 5. Let r be u(-2). Suppose 6*x = 17*x - 198. Suppose -h - 3*q = -x, -4*h + r*q - 3*q = -100. What is the greatest common factor of h and 60?
12
Let a = 1689 + -1245. Calculate the highest common divisor of a and 48.
12
Suppose -80*c + 76*c = -24. Suppose 2*p + 2*k = 4*p - 4, 5*p - k - 18 = 0. Calculate the greatest common divisor of p and c.
2
Let g(m) = 205*m - 1250. Let k be g(19). Calculate the highest common factor of k and 115.
115
Let v be (-34)/(-3)*11/(-198)*-27. What is the greatest common divisor of 578 and v?
17
Let u = -11186 - -11210. Calculate the greatest common divisor of u and 23592.
24
Let n = -3262 + 3438. Calculate the highest common factor of n and 848.
16
Suppose -471 = -4*s + 301. Let x = s - 188. What is the highest common factor of 635 and x?
5
Let f = -10154 - -10165. What is the greatest common divisor of f and 275?
11
Let y(n) = 3*n**2 + 16*n + 104. Let i(p) = p**2 - 21*p + 98. Let o be i(8). Let m be y(o). Calculate the greatest common factor of m and 16.
4
Suppose 5*n = -o + 1619, -n = -160*o + 157*o - 311. Calculate the highest common divisor of 153 and n.
17
Suppose -2*y + 6*x + 18438 = 3*x, -2*y - 2*x + 18408 = 0. What is the greatest common factor of y and 30?
30
Let i be (((-2)/(-4))/(4/376))/(3/3). Calculate the greatest common divisor of i and 2867.
47
Let l(f) = -2*f**2 - 18*f + 3. Let m be l(-9). Suppose j - m*n - 424 = -5*n, 0 = -5*j + n + 2076. Calculate the highest common divisor of 13 and j.
13
Let y be 16/48 + 26/(-6). Let n(p) = -2*p**3 + 2*p**2 - 5*p + 2. Let z be n(y). Suppose 0 = 3*j + 471 - 513. Calculate the highest common divisor of j and z.
14
Let a be ((-18)/(-45))/((-2)/60). Let l be a/114 - (-2132)/38. Suppose 0 = -v + 3*v - l. Calculate the greatest common divisor of 196 and v.
28
Let c = 4185 - 4049. Calculate the greatest common divisor of c and 248.
8
Let o be 3 - 1816/(-6) - 6/(-18). Let k = o + -201. What is the greatest common divisor of k and 5?
5
Let b be (-9)/((-2)/(-4)*-7 - -2). Let s(i) = -i**2 - 3*i + 5. Let u be s(4). Let y = u - -41. Calculate the highest common divisor of b and y.
6
Let u(j) = -30*j - 1015. Let n be u(-40). Calculate the highest common divisor of n and 25.
5
Let l be ((-2)/7)/1 + 102114/189. Let p = l - 510. Calculate the greatest common factor of p and 24.
6
Let l be 756/168*(-400)/(-12). Calculate the greatest common factor of 1650 and l.
150
Suppose -16*w = 1529 - 6265. Calculate the highest common factor of w and 2516.
148
Suppose 9 - 15 = -3*r. Let a be -3*r/2 + 53. Suppose a = -10*z + 350. What is the highest common divisor of 12 and z?
6
Let q = 7 + 5. Suppose 117*r - 13144 - 5810 = 0. Calculate the greatest common divisor of r and q.
6
Suppose -52*a = -16*a - 12312. Suppose 11*j - a = 5*j. What is the highest common factor of j and 57?
57
Let s(r) = 11*r + 9. Let h(p) = 8*p + 5. Let w(k) = -8*h(k) + 5*s(k). Let j be w(-36). What is the highest common divisor of j and 94?
47
Suppose 65*o - 73*o = 4808. Let m = o - -610. What is the greatest common divisor of 441 and m?
9
Suppose 3*d - 2*j = 123, -5*d + 3*d - j + 89 = 0. Let w be 3855/15 + (-1)/2*-2. Suppose 105*l = 107*l - w. Calculate the greatest common divisor of l and d.
43
Let z = -154395 - -154455. Suppose 0 = y + 2*y - 225. Calculate the greatest common factor of y and z.
15
Let j(u) = -u**3 + 9*u**2 + 3*u + 20. Let y be j(9). Let z = 46 - y. Let b be -1 - 4/z - -14